. Suppose 0 = 3*n - 2*b - j, -n = -2*b - 5 - 14. What is the greatest common divisor of n and 45?
9
Suppose 6 = c - 4. Suppose -2*r + 2*v - 3*v + 4 = 0, 5*r - c = 3*v. Calculate the highest common divisor of 14 and r.
2
Let c be (-4)/10 + (-1)/(55/(-3212)). Calculate the highest common factor of c and 1247.
29
Let v be ((-2)/2)/(28/(-13944)). What is the highest common divisor of 12 and v?
6
Let v = 18 - -3. Suppose 3*u = 3*n - 134 + 8, 2*u + 42 = n. Suppose 0 = -4*h + 14 + n. Calculate the highest common factor of v and h.
7
Suppose -6*m + 766 - 622 = 0. Calculate the greatest common factor of m and 12.
12
Let o(q) = -8*q + 150. Let c be o(-33). What is the greatest common divisor of 46 and c?
46
Let y = 37 + -1. Let b be ((-2)/(-4))/((-2)/8) + 197. Suppose -5*a = 3*o + o - 912, -a - 5*o = -b. Calculate the greatest common divisor of y and a.
36
Let w be 4 + (-4)/8*-6. What is the greatest common divisor of 77 and w?
7
Let z = -6 + 54. What is the highest common factor of z and 84?
12
Let h(s) = s**3 + 19*s**2 - s - 16. Let l be h(-19). Suppose -4*y = l*w - 36 - 16, -3*y + 54 = 3*w. What is the highest common factor of 80 and w?
20
Let i(o) = -23*o + 7. Let k be i(-4). Suppose 53*u + 88 = 57*u. What is the highest common divisor of k and u?
11
Let b = -548 - -570. Calculate the greatest common factor of b and 264.
22
Suppose 4*m + 2*l = m + 37, -46 = -4*m - l. Suppose 2 + m = -5*d + 3*x, 5*d + 21 = x. Let b = 8 - d. Calculate the greatest common factor of 52 and b.
13
Let b(o) = 63*o + 191. Let z be b(-3). Calculate the highest common factor of 9 and z.
1
Let b(l) = -l**2 - 8*l. Let s be b(-6). Let u = -1378 - -1398. Calculate the highest common factor of s and u.
4
Let g be -3 - 133/(-9) - 12/(-54). Let l(u) = 6*u**3 - 5*u**2 + 2*u. Let k be l(1). Calculate the highest common factor of k and g.
3
Suppose -n = -4*b - 1079, 5*n - 7*n - 2*b + 2168 = 0. What is the greatest common divisor of n and 57?
57
Suppose 5*k - 2*w = 131, -6*k = -3*k - 3*w - 84. What is the highest common factor of k and 475?
25
Suppose -3*d + 5*d = b + 1749, -5*d = b - 4383. What is the highest common factor of 36 and d?
12
Suppose 57*j - 70*j = -104. Calculate the greatest common divisor of j and 96.
8
Suppose -701 = -2*h - 41. Calculate the highest common factor of 120 and h.
30
Let y be (-18 + 0)*18/(-54). Let a(f) = f**2 + 7*f - 6. Suppose 5*b + 59 = 19. Let j be a(b). Calculate the highest common divisor of y and j.
2
Let w = 1372 - 1116. Calculate the greatest common divisor of w and 96.
32
Suppose 4*x + 156 = 4*u, -5*u + 3*x = -105 - 82. Calculate the greatest common divisor of 315 and u.
35
Suppose v + 12 - 9 = 0, 5*v = -q + 285. Calculate the greatest common divisor of 24 and q.
12
Let l = -727 + 733. Calculate the highest common divisor of l and 68.
2
Let u be ((-8)/12)/((-2)/(-93)). Let c = -26 - u. Calculate the greatest common factor of c and 25.
5
Let c be (-6 + (-135)/(-20))/(1/36). Calculate the greatest common divisor of c and 135.
27
Suppose -79*w + 936 = -70*w. What is the highest common divisor of w and 8?
8
Let y(c) = -4*c**2 - 2*c - 2. Let n be y(-2). Let z(m) = -4*m - 11. Let i be z(n). What is the greatest common divisor of i and 5?
5
Let r = 58 - 44. Let b be 424/r + 4/(-28)*2. Suppose -f - 4*f + 5*w = -55, 5*f + 5*w = 45. Calculate the greatest common divisor of f and b.
10
Suppose 0 = -34*x - 53 + 325. What is the highest common factor of x and 7?
1
Let z(x) = 27*x**2 + 25*x + 80. Let u be z(-3). What is the highest common divisor of u and 527?
31
Suppose -10 = 2*d, 3*o + 101 = -2*d - 2*d. Let y = o - -12. Let p = 33 + y. What is the greatest common factor of 12 and p?
6
Let o = 174 + -156. Calculate the greatest common divisor of 27 and o.
9
Suppose -3*g = 15*g - 396. Let m = 296 + -164. What is the highest common factor of m and g?
22
Let n be -102*((-46)/(-4))/(-23). What is the greatest common divisor of 867 and n?
51
Suppose -2*h = -5*h - 39. Let i = h - -15. Suppose i*o - 11 = 9. What is the greatest common factor of 10 and o?
10
Let h be -1*1 + 0 + 11. Suppose 6*f + 3*f = 63. Let u(d) = 4*d - 23. Let t be u(f). What is the greatest common factor of t and h?
5
Suppose 0 = -32*c + 1858 + 638. What is the greatest common divisor of 1950 and c?
78
Let i = -15 - -27. Suppose 0 = -4*l + 9 + 55. Suppose -3*q + 2*m + 39 = 13, 0 = -3*q + 4*m + l. Calculate the greatest common divisor of q and i.
12
Suppose 0 = -5*h - 2*y + 563, -4*y = 5*h - 9*y - 535. Let o = h - 183. Let f = -47 - o. What is the greatest common divisor of f and 10?
5
Suppose 0 = -r - 3*y + 46 + 4, r - 4*y = 50. Calculate the greatest common factor of r and 425.
25
Let x(s) = -s**2 + 6*s - 8. Let d be x(4). Suppose -u + 0 + 28 = d. What is the greatest common divisor of u and 28?
28
Let h = -18 - -20. Let c be ((h - -3) + 44)/1. What is the highest common factor of c and 14?
7
Suppose 5*u = 3*u + 12. Suppose -k + u*k = 50. Calculate the highest common factor of 5 and k.
5
Let t = 120 - 114. Calculate the greatest common factor of t and 2.
2
Suppose -12*k + 1900 + 164 = 0. Calculate the highest common factor of 129 and k.
43
Let x be -2 + (8 - 2) + 5. Let r be 86/3 + (-6)/x. What is the highest common factor of 14 and r?
14
Suppose 0 = -w + 2*w + 2*k + 8, 3*w + 20 = -5*k. Let b be 1/2*10/1. Suppose 5*p + b = w, 5*p + 73 = 2*r + 20. Calculate the highest common factor of r and 48.
24
Suppose 2*s + 0*s = 12. Let r be 5 + (-21)/s + 63/2. Calculate the greatest common divisor of r and 132.
33
Let m(j) = 35*j**2 - 2*j - 1. Let z be m(-1). Suppose -1611 = -89*u - 9. What is the highest common factor of u and z?
18
Let l = 60 + -39. What is the highest common divisor of l and 91?
7
Suppose -7*o = 43*o - 200. What is the highest common factor of o and 10?
2
Let s = -2 + 4. Suppose 95 = 3*m + 4*d, s*m = -2*m - 2*d + 130. Let x be 8 + -7 + 2 + 8. What is the greatest common factor of x and m?
11
Let v = -16 + 22. Let o(j) = 2 + j**3 - 7*j + 0 - v*j**2 - 1 + 2*j. Let b be o(7). Calculate the greatest common divisor of b and 15.
15
Let x(c) = c**3 + 8*c**2 - 13*c - 9. Let q be x(-9). Let v = q - 19. What is the highest common factor of 32 and v?
8
Let p be (-1360)/(-16) - (-6 + 3 + 1). Calculate the highest common divisor of p and 3.
3
Let l = 989 + -582. What is the highest common divisor of 33 and l?
11
Let v = -137 + 220. Let s = -59 + v. What is the highest common factor of 24 and s?
24
Suppose 5*n + 624 - 734 = 0. Let b(l) = 12*l - 5. Let f be b(5). What is the highest common divisor of n and f?
11
Let t be -3*(-4)/48 + (-837)/(-12). Let z = t + -63. Calculate the greatest common divisor of 91 and z.
7
Suppose r = 5*g - 13, 4*g = 4*r + 3*g - 5. Suppose r*n + 7 = -191. Let d be ((-2)/6 - 0)*n. What is the highest common divisor of 3 and d?
3
Suppose -2*k - 3 = t + 13, -k + 10 = -4*t. Let d(f) = 1 - 10 - 2*f - f. Let x be d(k). Calculate the highest common divisor of 81 and x.
9
Suppose 72*t - 4218 + 118 = -356. Suppose 6*f - 2*f = 16. What is the greatest common divisor of f and t?
4
Let s(b) = -8*b**3 + b**2 + 2*b + 1. Let j be s(-1). Let h be (-530)/(-20) + 1 + (-4)/(-8). Calculate the highest common factor of j and h.
4
Let x(b) = -b**3 - 6*b**2 + 12*b + 53. Let g be x(-10). What is the greatest common factor of 37 and g?
37
Suppose -122*z + 111*z = -693. Calculate the highest common divisor of 693 and z.
63
Suppose 125*t - 115*t = 500. Calculate the greatest common divisor of t and 90.
10
Let s(p) = -14*p**3 - 4*p**2 - 6*p - 6. Let v be s(-4). What is the greatest common factor of v and 68?
34
Let p be 9/((-12)/(-4)) - -51. Suppose -3*t + p = -6. Suppose 2 = -2*y, 230 + 167 = 4*l + 3*y. What is the greatest common factor of l and t?
20
Let v be 8/6 - 6344/12*-1. What is the greatest common factor of v and 5?
5
Let g = 303 + -247. Calculate the highest common factor of g and 32.
8
Suppose -o = 3*g - 100, 49 + 41 = 3*g + 3*o. Let l be (5/2)/(1/98). Calculate the highest common divisor of l and g.
35
Let f be (-63)/(-14)*4/6. Suppose f*u - 41 = 25. Suppose -8*p = -2*p - 66. Calculate the greatest common factor of u and p.
11
Suppose 5*w - 345 = 3*m, -18*m = -3*w - 15*m + 207. Calculate the greatest common divisor of 9 and w.
3
Suppose -4*t = -11*t - 28. Let g be 12*((-3)/9 - t). Sup